*s + 41237 - 1643 = 0. Suppose 5*t = -5*j + 11365, -17956 + s = -5*j - 3*t. Is j a composite number?
False
Let d be ((-114060)/48)/(2/(-8)). Suppose -15*y + 10*y = -d. Is y composite?
False
Let w = -30 - -42. Let m = 17 - w. Is (4/m)/((-2)/(-65)) a prime number?
False
Suppose -4*v - 5*k = -19 - 61, -5 = v - 5*k. Let q be ((-3)/v)/(5/25). Is 3/q - (-8 - 189) a composite number?
True
Suppose -2*l = -l - 5. Suppose 0*u + 225 = -5*k - l*u, -3*u - 219 = 5*k. Is (-4350)/k - 8/14 a composite number?
False
Let i = 6 + -11. Let f = 22 - i. Suppose f = z - 28. Is z composite?
True
Suppose -305 = -4*l + 263. Suppose -4*f - 3249 = -5*p, -p + 2*f = l - 787. Is p a prime number?
True
Suppose s = 5, j - 4*s + 2*s - 1809 = 0. Is j prime?
False
Let f(a) = -8*a**3 - 17*a**2 - 42*a - 148. Is f(-13) a composite number?
False
Is -6 + (260 - 1) - 2 prime?
True
Let y be (3 + 36/(-8))*-4. Suppose 0 = y*b - 3*b + 5*x - 266, 3*b = -3*x + 276. Is b a composite number?
False
Let x(o) = 30*o - 3. Let i be x(-9). Let g = i - -950. Is g a prime number?
True
Is (62091/18 + -8)*2 composite?
False
Let d be (-7250)/(-8) + 5/(-20). Suppose -v + d + 40 = 0. Suppose -4*a + v + 608 = 2*c, 4*a = 2*c - 1594. Is c composite?
False
Is (-871)/26*((1 - -3) + -450) composite?
True
Suppose 5*g - 4*l = 17507, 3*l = -5*g + 4*g + 3490. Is g composite?
False
Suppose 0 = 5*q - 76 + 81. Is 2*q + 11469/(8 - 7) a prime number?
True
Let j be -2*1 + 17656 + 6. Suppose -8*p + 12*p - j = 0. Is p a composite number?
True
Suppose -3*n - 67 = -2*n - 5*v, v - 63 = n. Let g = -37 - n. Suppose 5*s = -5*y + g, s - 4*s = -4*y - 29. Is s a prime number?
True
Let q = -586 + 2565. Let l be (q + 4)*(-3)/(-9). Suppose -129 = 4*a - l. Is a composite?
True
Let p(i) = -6*i**3 + 3*i**2 + 4*i - 2. Let t be p(4). Let k = -45 - t. Let f = -198 + k. Is f a prime number?
True
Let q(h) = 9992*h - 25. Is q(1) a prime number?
True
Suppose -r = 3*x + 3, -r - 4 - 3 = 5*x. Let g be -1 + 18/(-27)*(-24)/2. Let z = g + r. Is z prime?
False
Let w(t) = -t**3 - 14*t**2 - 16*t + 1. Let h be w(-13). Let g = 15 + h. Is g prime?
False
Let y = -3858 - -7345. Is y a prime number?
False
Suppose -25*q + 52568 = -21*q - 4*u, -3*q - u + 39422 = 0. Is q a composite number?
True
Suppose -16*n = 4*n - 18780. Is n a composite number?
True
Let z be (4/(-6))/(14/(-21)). Is (6 - 637)*z/(-1) prime?
True
Suppose -22*x + 12*x = -7630. Is x a prime number?
False
Let a = -118 - -122. Suppose 1195 = 3*f - a*o, 0 = f - 4*o - 467 + 74. Is f a prime number?
True
Suppose 2*s + j = 791, -s = -2*s - 2*j + 394. Let k = s + -669. Let l = 436 + k. Is l a prime number?
True
Let c(p) = 626*p - 34. Let g be c(7). Suppose -n = -2*m - 1087, n = 5*n - m - g. Is n prime?
True
Let m(d) = 3*d + 1. Let f be m(-8). Let o = f - -26. Suppose 2*v - 302 = -5*x, 6*x - o*x - 2*v - 194 = 0. Is x a prime number?
False
Let a(z) = 8*z**3 - 2*z**2 + 4*z - 4. Let r be a(2). Let v be 25335/r - 1/4. Suppose 2*p = 4*p - v. Is p prime?
True
Suppose -2*w = -3*z - 13, -3*w - 2*z + 0*z + 13 = 0. Let f = 4757 + 1088. Suppose -2*d = w*d - f. Is d prime?
False
Suppose 3*q = 283 + 440. Let d be 12/(-15) + (-756)/5. Let f = d + q. Is f composite?
False
Let n = -33 + 33. Suppose 3*k - 6*k - 5274 = n. Let g = -1001 - k. Is g prime?
True
Suppose -30*g - 126056 = -86*g. Is g a composite number?
False
Suppose -3*u + 3*m = -6, -3*u + 4 + 18 = m. Is 2*(4 - (-4113)/u) a prime number?
False
Is 26/91 + (-728040)/(-56) composite?
False
Let f be 4812/18*12/8. Let q = f + 2678. Is q prime?
True
Suppose 13*x - 7362 = -5*x. Is x a prime number?
True
Suppose -109*n - 10132 = -113*n. Is n composite?
True
Let p(t) be the third derivative of 11*t**7/1260 - t**6/144 + t**5/15 - t**4/6 + 9*t**2. Let d(q) be the second derivative of p(q). Is d(-5) composite?
True
Let v(x) = 87*x + 34. Let f(q) = -q**2 - 8*q + 38. Let u be f(-11). Is v(u) composite?
True
Let t = 1 - -1. Suppose -11 = -v + f, 4*v + t*f - 26 - 24 = 0. Suppose -1 = -m + v. Is m a prime number?
True
Suppose 9 - 34 = 5*r. Let s be (-30)/(-6)*(-17)/r. Let q = s - -2. Is q composite?
False
Let a(r) = r**3 + 23*r**2. Let t be a(-23). Suppose -3*u + 634 = 4*h, 2*u - 5*u + 2*h + 646 = t. Is u prime?
False
Suppose -4*n + 0*h + 71558 = 3*h, h = 4*n - 71566. Is n a composite number?
False
Suppose 5*s = -2*s + 1358. Suppose -s - 177 = -7*u. Is u a composite number?
False
Let y(a) = a**2 + 13*a + 1. Let r(l) = 3*l. Let o(d) = 18*r(d) - 4*y(d). Let f be o(6). Is 2/(-3) - f/6 composite?
True
Suppose -94 = -i + 4*t, -4*i = -i - 2*t - 282. Suppose -n = -2*k - 119, -k - 62 = n - 2*n. Let z = i + k. Is z a composite number?
False
Let v = 856 - 194. Suppose 21*r - 22*r = -v. Is r a prime number?
False
Suppose -5*q + 35 + 20 = 0. Is (-75)/(-2) - q/22 composite?
False
Let a(l) = -l**3 - 13*l**2 + 2*l + 32. Let c = 17 + -30. Let m be a(c). Is (-21 + 100)/(2/m) a prime number?
False
Suppose -5*q + 3 = -2. Is 1*(8 - q)*17 prime?
False
Suppose -4*j = -0*j - 12, -5*k + 3*j = 19. Is -2*k*(-844)/(-8) composite?
True
Let u(m) = -2*m**2 + 8*m - 3. Let l be u(3). Is (l - (3 + 2)) + 1063 composite?
False
Let j(t) = t**3 + 9*t + 4. Let u be j(9). Let k = -417 + u. Is k a prime number?
True
Let l(h) = -15*h**3 - 25*h**2 + 30*h - 19. Is l(-13) a prime number?
False
Suppose -1929911 = -48*b + 2751865. Is b composite?
True
Let i(x) be the third derivative of -x**4/24 - 3*x**3/2 + 11*x**2. Let n be i(-9). Suppose -d + 26 = -n*d. Is d prime?
False
Suppose 5*l = 4*l + 390. Suppose -4*i + 4*b + 287 = -i, 2*b - l = -4*i. Is i a composite number?
False
Let c(v) = 61*v**2 + 71*v**2 + 10 - 17 + 8 - 4*v. Is c(-3) a prime number?
True
Let i = 371 + 408. Is i a composite number?
True
Let y(g) = 5*g - 1. Let h be y(2). Let o(i) = -i**3 - 9*i**2 + 8*i + 3. Let n be o(-10). Suppose 0 = 8*w - h*w + n. Is w prime?
True
Suppose -2*w + 104 = -o, -3*w = -4*o - 149 - 17. Suppose 56*f - 1266 = w*f. Is f composite?
False
Let n = -26 + 26. Let s(y) = 0 - 2*y**2 + y**3 - 5*y + n*y**2 + 1. Is s(4) a composite number?
False
Let c = -25 + 28. Suppose -4*y = 11 + 1, c*y + 504 = 3*a. Is a - 6/(-3 - 0) a prime number?
True
Let w = -13942 + 20081. Is w a composite number?
True
Is (-127817)/(-15) + 2/(-15) composite?
False
Suppose 64*n - 195425 = 39*n. Is n a prime number?
True
Let s(q) = -15*q + 87. Let k(x) = -8*x + 44. Let t(i) = -11*k(i) + 6*s(i). Let n be t(0). Suppose -3*p = 2*f + 2*p - 47, 3*f + p - n = 0. Is f prime?
True
Suppose 0*g - 3*g + 9 = 0. Let h(v) = v**3 - 15*v**2 - 17*v + 21. Let o be h(16). Suppose 4*d = 2*j + g*j - 487, o*d + 15 = 0. Is j prime?
False
Let t be -18 + (1 - 3 - -1). Let w = -19 - t. Suppose -v + 2*v - 415 = w. Is v a prime number?
False
Suppose -30 = 4*y - y. Is (25/y)/((-4)/472) a composite number?
True
Let v(t) = -653*t + 64. Let s be ((-6)/(-3))/(-2)*9. Is v(s) prime?
False
Let g(i) = -i**3 + 7*i**2 + 6*i + 19. Let q be g(8). Suppose q*j - 502 - 440 = -3*m, 0 = -j + 5*m + 332. Is j a prime number?
True
Let h = 343 - 224. Suppose -t + 5*k = -h, -34 - 106 = -t - 2*k. Is t prime?
False
Let p = 5 - 4. Suppose -z + 11 = -0*z - 4*c, -z + 5*c = -14. Is p/((4/(-44))/z) prime?
True
Let s be (-495)/(-12)*(-1 + -3). Let c be 22/s - 2066/30. Let f = -38 - c. Is f prime?
True
Suppose 3*z - 4*o - 4 = 58, -5*o - 11 = z. Suppose 2*x - z = 6. Is x/((18/(-393))/(-3)) a composite number?
True
Is 2 + 2791 - (-188)/(-47) composite?
False
Suppose 4*i + 26 = 10, -8460 = -4*h - 4*i. Suppose -j + 4*k = -331, -4*j - 795 = -4*k - h. Is j prime?
True
Let r = -19 + 27. Let p be r/6 - (-102)/(-9). Is (-2505)/p + 1/2 composite?
False
Let u = 109 - 38. Let n = u + 123. Is n prime?
False
Is (0 - -2)*(6 + 17733/6) composite?
False
Suppose 15*o + 7590 = 17*o + 4*n, -3*o = -5*n - 11341. Is o a composite number?
True
Suppose -2*m + 4 = 0, v - 3*v + m = -3678. Suppose 6*g - v = -334. Is g a composite number?
False
Let k = -62 + 65. Suppose 0 = k*x, 0 = 4*j - x - 525 + 41. Is j prime?
False
Let s(d) = 20*d - 4. Let x(u) = 20*u - 5. Let p(z) = 2*s(z) - 3*x(z). Is p(-15) a prime number?
True
Suppose 93 = -2*d - 55. Let l = -145 - d. Let p = 138 - l. Is p a composite number?
True
Let i be -2 + 4 + (-8)/(-4). Suppose -i*x = 5*u - 6821, 0 = u + 3*x - 1818 + 445. Is u prime?
True
Let o be 2/10 + ((-469824)/(-40))/2. Suppose o = 